39*d - 415240 + 157567 = 0. What are the prime factors of d?
6607
Suppose 24*s + 14*s + 100*s = 2447568. What are the prime factors of s?
2, 3, 739
Let p(a) = a**3 + 22*a**2 - 33*a - 1. Let v be p(-23). Let y = 187 + v. What are the prime factors of y?
2, 13
Suppose 0*h + 670 = 3*h + 5*y, 5*y = -5*h + 1120. Let m = 156 - h. Let x = m - -186. What are the prime factors of x?
3, 13
Let f(q) = 3*q**3 + 13*q**2 - 13*q + 3. Let s be f(5). Let j = s - 418. List the prime factors of j.
2, 5, 11
Suppose -4878 = -3*t - 3*g + 8670, -5*t = 4*g - 22585. What are the prime factors of t?
3, 11, 137
Let z = 2 + -2. Suppose 0 = -z*i - 2*i - i. Suppose i = 14*m - 15*m + 32. What are the prime factors of m?
2
Suppose 2*m = 9*b - 5*b + 14270, 16 = -4*b. List the prime factors of m.
7127
Suppose 14 = -3*s + 4*f, 3*s - 3*f + 2 = -7. Suppose -5*c + 2*a + 5400 = 0, 4320 = 4*c - s*a + 7*a. What are the prime factors of c?
2, 3, 5
Suppose -5*s + 10899 + 14473 = -3*h, 3*s = 4*h + 15232. What are the prime factors of s?
2, 317
Let b be (170/(-119))/((-4)/14). Suppose -3*d + 5*n - 6*n + 913 = 0, -929 = -3*d - b*n. List the prime factors of d.
3, 101
Suppose -2*a = 5*w - 20229, 1306*w - 1305*w = -a + 10110. List the prime factors of a.
3, 1123
Let i(h) = -11*h - 44. Let k be i(-4). Suppose -4*b - 544 = -5*n - b, k = n + 5*b - 92. List the prime factors of n.
107
Let r(h) be the first derivative of -h**4/4 + h**3/3 - h**2 + h + 61. List the prime factors of r(-4).
89
Let o(g) = 13*g**3 - 30*g**2 - 193*g + 26. Let z(d) = 37*d**3 - 91*d**2 - 580*d + 78. Let v(m) = -17*o(m) + 6*z(m). List the prime factors of v(41).
2, 17
Let p(w) = 121*w - 32. Let g(d) = -81*d + 21. Let f(j) = -8*g(j) - 5*p(j). Let l be f(4). Suppose -3*a - a = -l. What are the prime factors of a?
41
What are the prime factors of ((-18)/6 + (0 - -1*4))*26368?
2, 103
What are the prime factors of 6/((-10)/257325*-45)?
47, 73
Suppose -13*h + 150 = -18*h. List the prime factors of (43 - h/5) + 3.
2, 13
Let l be -3 + (2 - -53*55). Suppose -4030 = -16*q + l. What are the prime factors of q?
2, 7, 31
List the prime factors of (-4)/18*-3714 - 14/(-21).
2, 7, 59
Let s(z) = -2*z**2 + 1 - 9*z**3 + 2*z + 4*z**2 + 139*z**3 + 0*z**2. Let p be s(-1). Let y = p - -274. What are the prime factors of y?
5, 29
Let b = 28 + -53. Let d be 6/10 + (-685)/b. Let w = d + 8. List the prime factors of w.
2, 3
Let f = -86253 + 128397. List the prime factors of f.
2, 3, 439
Let b(z) = 5 - 1 - 10 + 203*z - 36. List the prime factors of b(2).
2, 7, 13
Let k(f) = 1232*f - 425. List the prime factors of k(7).
3, 911
Suppose 0*f + 5*f + 4*l - 5917 = 0, l = -2. Suppose 2*j + 4*w = -j + 1743, -2*j + 5*w + f = 0. List the prime factors of j.
3, 5, 13
Let w = 1034 + 177. Suppose 5*u - 1164 = w. What are the prime factors of u?
5, 19
List the prime factors of 290560/60*33/22.
2, 227
Let z = 88 + 494. Let y = z - 231. List the prime factors of y.
3, 13
Let t(u) = 67*u**2 + 141*u - 2206. List the prime factors of t(18).
2, 5, 19, 29
Let x = -11 - -23. Let t be 57*(56/x)/2. Let o = t - 73. What are the prime factors of o?
2, 3, 5
Suppose 0 = 4*n - 2*z + 2348, 25*n - 28*n = 4*z + 1772. List the prime factors of 0 + 8*(-2 + n/(-16)).
2, 139
Let u(b) = 170*b**2 - 13*b - 6. Let a(s) = s**3 + 4*s**2 + 9*s + 34. Let t be a(-4). What are the prime factors of u(t)?
2, 5, 7
Let h(p) = 324*p**2 - 209*p + 1517. What are the prime factors of h(7)?
2, 3, 5, 59
Let o(z) be the first derivative of 12 - 20*z + 9/2*z**2. List the prime factors of o(8).
2, 13
Suppose 2*d + 12 = -4*f + 5*d, -2*f + 4*d = 6. List the prime factors of 1*f - (6/(-6) - 34).
2
Let l = -108 - -119. Suppose -15 - 172 = -l*x. Suppose x*o - 12*o = 670. What are the prime factors of o?
2, 67
What are the prime factors of (10/6)/((1760/8119452)/8)?
61511
Let f(k) = -2*k + 9. Let i be f(3). Let j be (9/(-6))/(6/(-472)). Suppose i*z = 5*z - j. List the prime factors of z.
59
Let c(f) = 71*f**2 + 15*f - 613. List the prime factors of c(13).
37, 313
Let r be (11852/(-14) - 2) + (-3)/7. Let m = -67 - r. What are the prime factors of m?
2, 17, 23
Suppose -19 = -3*n + 5*r + 18, 12 = n - 2*r. Suppose -16*s = -n*s - 902. List the prime factors of s.
11, 41
Suppose 185*o - 1608259 = 1594831. List the prime factors of o.
2, 11, 787
Suppose -6*a = -a - 4295. Let s = 1269 - a. What are the prime factors of s?
2, 5, 41
Let b(z) = -z**3 + 4*z**2 + 12*z + 4. Let c be b(6). Let h(d) = -4*d + 12. Let g be h(3). Suppose m + 1 = -c*x, x + 36 = 3*m - g*x. List the prime factors of m.
11
Suppose -5*u - 2 = -17. Let v(i) = -i**2 - i**3 - 5*i**u + 4*i - 2*i**2 + i**2 - 6. What are the prime factors of v(-3)?
2, 3, 7
Suppose 106682 = 20*a - 2756 - 8702. What are the prime factors of a?
3, 11, 179
Let p(f) = f**2 + 7*f - 1. Let k be p(-9). Suppose -2*g + 3*q = -k, 4*q + 28 = 3*g + 2. List the prime factors of 52/6*(-60)/(g/(-2)).
2, 13
Let r be 8/(-14) + (-83385)/35. Let t = -1555 - r. List the prime factors of t.
2, 3, 23
Let v(o) = -4*o**2 + 17*o**2 + o**2 - 18 + 3 - o**3. Let a be v(13). Suppose 0 = -h + w + 149, -3*h + 4*h + 4*w = a. What are the prime factors of h?
2, 3, 5
Suppose l - 225 = -4*w, -5*l - 237 = -4*w - 2*l. Suppose -g = -3*y + 66 - 27, 5*y = -g + w. What are the prime factors of y?
2, 3
Let s(m) = 3*m - 2. Let z(p) = 2*p - 1. Let r(c) = -6*s(c) + 11*z(c). Let x be r(-1). What are the prime factors of 3 - (x + 1 + (-137)/1)?
2, 71
Suppose 8*s - 56 = 6*s - 2*k, 0 = -5*s + 4*k + 113. Suppose -30*v = -s*v - 60. Suppose 0*b - 36 = -v*b. What are the prime factors of b?
3
Let k(w) = w**3 - 20*w**2 + 1. Let b be k(20). Let r be 5*(1 - 0) + b. Suppose 14 = r*u - 202. List the prime factors of u.
2, 3
Suppose 2*z - 19626 = g, g - 19638 = -2*z + 5*g. What are the prime factors of z?
9811
Let z(b) = -106*b - 111. Let x be z(-36). Suppose -4*s + d = 6*d - x, -4*d = 5*s - 4638. What are the prime factors of s?
2, 3, 5, 31
Suppose -3*k = 2*w - 8, -k - w - 3 = -6*w. Suppose -5*z = -m - 29, 101 = -4*m - k*z + 7*z. Let o = 52 - m. What are the prime factors of o?
2, 19
Suppose 84*y = -95472 - 1167 + 789219. List the prime factors of y.
5, 17, 97
Suppose -3*z = -11*z + 672. Let m be (-4)/(-14) - z/(-49). Suppose 2*q = -m*q + 508. List the prime factors of q.
127
Let x(g) = -8778*g + 6571. List the prime factors of x(-6).
59239
Let p = 29284 + 13122. What are the prime factors of p?
2, 7, 13, 233
Suppose 188*t - 128*t = 344760. List the prime factors of t.
2, 13, 17
Let h(k) = -9 + 9 - 10*k + 7*k. Let d be h(3). What are the prime factors of (d/4)/(1907/(-272) + 7)?
2, 3, 17
Let z(c) = -13*c**2 - 4*c. Let g(u) = 13*u**2 + 2*u + 1. Let y(m) = 3*g(m) + 2*z(m). What are the prime factors of y(4)?
7, 29
Suppose -2*k + 2*d + 2298 = 0, -5*k - 4*d + 4605 = -1104. List the prime factors of k.
5, 229
Let j be 1 + 3785 - 54/(-6). Suppose -c + 13*i - 10*i + 1898 = 0, 5*i + j = 2*c. List the prime factors of c.
5, 379
Let z(v) = v**3 + 2*v**2 + 5*v - 4. Suppose -25*y + 23*y = 8. Let x be z(y). What are the prime factors of 1/4 + (-938)/x?
17
Let u be (-225519)/(-63) - (-1)/3. Suppose 39*k + 538 = u. What are the prime factors of k?
2, 3, 13
Let f(l) = l**3 - 13*l**2 + 11*l + 3. Let h = 8 - -3. Let o be f(h). Let u = -73 - o. List the prime factors of u.
3, 5
Let y be (12/(-10))/(28/(-70)). Suppose -257 - 151 = y*q. Let s = q - -243. List the prime factors of s.
107
Suppose 3*z + 188*i = 190*i + 28850, 0 = i - 5. List the prime factors of z.
2, 5, 13, 37
Let z(h) = 85*h + 81*h - 163*h - 7. Let m be z(3). Suppose -7*a + 2*a - 3*k = -999, m*a = -5*k + 411. What are the prime factors of a?
2, 3, 11
Let c = 27071 - 16777. List the prime factors of c.
2, 5147
Let y = -63 + 64. What are the prime factors of (1895/25 - 8)*y*5?
3, 113
Let r(o) = 27*o**2 + 18*o + 12. Let h(i) = -2*i**3 + 36*i**2 - 35*i + 10. Let w be h(17). What are the prime factors of r(w)?
3, 13, 31
Let r(u) = -u**3 + 17*u**2 - 14*u + 10. Let x be r(16). Suppose x*c = 39*c + 465. What are the prime factors of c?
5, 31
Let l(g) = -48*g**3 + 5*g**2 + 5*g - 3. Let r be l(-2). Let p = 1077 - r. List the prime factors of p.
2, 7
Let b(t) = -295*t + 346. List the prime factors of b(-19).
11, 541
Let o = 67 + -82. List the prime factors of ((-129)/1)/(2*o/40).
2, 43
Let r(x)